{"id":1163,"date":"2022-03-11T11:44:41","date_gmt":"2022-03-11T11:44:41","guid":{"rendered":"https:\/\/winegrover.eu\/?page_id=1163"},"modified":"2022-04-11T14:19:04","modified_gmt":"2022-04-11T14:19:04","slug":"resultados-esperados","status":"publish","type":"page","link":"https:\/\/winegrover.eu\/index.php\/es\/resultados-esperados\/","title":{"rendered":"Resultados esperados"},"content":{"rendered":"\n<p>Para identificar claramente el contexto operativo, hemos considerado el inventario de datos de todas las fases agr\u00edcolas de la producci\u00f3n de uva relacionadas con una Unidad Funcional (UF) correspondiente a 1 kg de uva.<\/p>\n\n\n\n<p>Los datos preliminares que se utilizar\u00e1n como base de referencia, ya han sido recogidos por el DIBAF con trabajos preparatorios en un vi\u00f1edo experimental en Italia con el fin de estimar la UF de una superficie de 1 hect\u00e1rea (que representa la superficie media de los vi\u00f1edos en la UE) y caracterizada por una producci\u00f3n est\u00e1ndar de 10-15 toneladas de uva resultante de 5.000-6.000 vides y con una gesti\u00f3n agron\u00f3mica y fitosanitaria est\u00e1ndar de 10 tratamientos al a\u00f1o entre fungicidas e insecticidas.<\/p>\n\n\n\n<p>Todos los principales insumos vitivin\u00edcolas necesarios para una hect\u00e1rea de vi\u00f1edo (incluyendo agua, ocupaci\u00f3n del suelo, electricidad, gas\u00f3leo, productos fitosanitarios, fertilizantes) y los principales productos (incluyendo las emisiones a la atm\u00f3sfera por la combusti\u00f3n del gas\u00f3leo y de los plaguicidas, y las emisiones al agua y al suelo) se han descrito en un documento cient\u00edfico en fase de publicaci\u00f3n que se utilizar\u00e1 como referencia para compilar la tabla de indicadores de impacto clave en la propuesta completa.<\/p>\n\n\n\n<p>Los resultados e impactos esperados cuantificados ser\u00e1n:<\/p>\n\n\n\n<p>-Reducci\u00f3n del uso de plaguicidas hasta un 85% y del uso de fungicidas hasta un 30% en comparaci\u00f3n con la gesti\u00f3n convencional de las enfermedades en vi\u00f1edos.<\/p>\n\n\n\n<p>-Contribuir a la aplicaci\u00f3n del C\u00f3digo de Buenas Pr\u00e1cticas de la CEPE que limita el amon\u00edaco procedente del uso de fertilizantes minerales. Estimamos una reducci\u00f3n de hasta 2 kg de N\/ha de fertilizantes nitrogenados con una reducci\u00f3n potencial de hasta el 97% del N aplicado en los vi\u00f1edos y, en consecuencia, de las emisiones de NH3 y del riesgo de eutrofizaci\u00f3n.<\/p>\n\n\n\n<p>-Reducci\u00f3n del 100% en el uso de combustible di\u00e9sel correlacionado con la distancia recorrida por los tractores para el cultivo de la vi\u00f1a, la aplicaci\u00f3n de plaguicidas, la intervenci\u00f3n en el suelo y la gesti\u00f3n del dosel con una reducci\u00f3n estimada de 0,15gr\/a\u00f1o de PM y COVs por FU resultante del uso del rover el\u00e9ctrico en lugar del tractor. Los resultados anteriores muestran que se requieren insumos externos de alrededor de 234 g de combustible di\u00e9sel y 4 g de aceite lubricante por UF.<\/p>\n\n\n\n<p>-Reducir el consumo de agua de riego hasta en un 90% gracias a la precisi\u00f3n del riego foliar por goteo en comparaci\u00f3n con el riego por inundaci\u00f3n.<\/p>\n\n\n\n<p>-Reducir los costes de producci\u00f3n entre un 20 y un 30% en comparaci\u00f3n con el sistema tradicional.<\/p>\n\n\n\n<p>-Planificar la replicaci\u00f3n y transferencia de los resultados a 6 vi\u00f1edos de otras regiones de Europa durante los 3 a\u00f1os posteriores a la finalizaci\u00f3n del proyecto.<\/p>\n\n\n\n<p>-Fomentar el despliegue del proyecto a nivel local y de la UE a trav\u00e9s de acciones de difusi\u00f3n dirigidas a las partes interesadas y al p\u00fablico en general, promoviendo la creaci\u00f3n de redes con los productores de uva y otros agricultores, ya que el sistema podr\u00eda aplicarse a otros cultivos.<\/p>\n\n\n\n<p>-Entrar en el mercado de la agricultura con un nuevo producto competitivo, promoviendo y exportando la tecnolog\u00eda de la UE tambi\u00e9n en los pa\u00edses dedicados a la agricultura intensiva, estableciendo una posici\u00f3n de liderazgo en los vi\u00f1edos y ampliando despu\u00e9s a otros cultivos (olivares y kiwis).<\/p>\n\n\n\n<p>-Contribuir a los objetivos clim\u00e1ticos con una reducci\u00f3n del 25% de kg CO2eq\/tonelada de uva.<\/p>\n\n\n\n<figure class=\"wp-block-image size-large\"><img decoding=\"async\" loading=\"lazy\" width=\"741\" height=\"685\" src=\"https:\/\/winegrover.eu\/wp-content\/uploads\/2021\/06\/results.jpg\" alt=\"\" class=\"wp-image-764\" srcset=\"https:\/\/winegrover.eu\/wp-content\/uploads\/2021\/06\/results.jpg 741w, https:\/\/winegrover.eu\/wp-content\/uploads\/2021\/06\/results-300x277.jpg 300w\" sizes=\"(max-width: 741px) 100vw, 741px\" \/><\/figure>\n","protected":false},"excerpt":{"rendered":"<p>Para identificar claramente el contexto operativo, hemos considerado el inventario de datos de todas las fases agr\u00edcolas de la producci\u00f3n de uva relacionadas con una Unidad Funcional (UF) correspondiente a 1 kg de uva. Los datos preliminares que se utilizar\u00e1n como base de referencia, ya han sido recogidos por el DIBAF con trabajos preparatorios en &hellip; <\/p>\n<p class=\"link-more\"><a href=\"https:\/\/winegrover.eu\/index.php\/es\/resultados-esperados\/\" class=\"more-link\">Continue reading<span class=\"screen-reader-text\"> &#8220;Resultados esperados&#8221;<\/span><\/a><\/p>\n","protected":false},"author":4,"featured_media":0,"parent":0,"menu_order":0,"comment_status":"closed","ping_status":"closed","template":"","meta":{"footnotes":""},"_links":{"self":[{"href":"https:\/\/winegrover.eu\/index.php\/wp-json\/wp\/v2\/pages\/1163"}],"collection":[{"href":"https:\/\/winegrover.eu\/index.php\/wp-json\/wp\/v2\/pages"}],"about":[{"href":"https:\/\/winegrover.eu\/index.php\/wp-json\/wp\/v2\/types\/page"}],"author":[{"embeddable":true,"href":"https:\/\/winegrover.eu\/index.php\/wp-json\/wp\/v2\/users\/4"}],"replies":[{"embeddable":true,"href":"https:\/\/winegrover.eu\/index.php\/wp-json\/wp\/v2\/comments?post=1163"}],"version-history":[{"count":3,"href":"https:\/\/winegrover.eu\/index.php\/wp-json\/wp\/v2\/pages\/1163\/revisions"}],"predecessor-version":[{"id":1273,"href":"https:\/\/winegrover.eu\/index.php\/wp-json\/wp\/v2\/pages\/1163\/revisions\/1273"}],"wp:attachment":[{"href":"https:\/\/winegrover.eu\/index.php\/wp-json\/wp\/v2\/media?parent=1163"}],"curies":[{"name":"wp","href":"https:\/\/api.w.org\/{rel}","templated":true}]}}