{"id":1189,"date":"2022-03-11T11:51:38","date_gmt":"2022-03-11T11:51:38","guid":{"rendered":"https:\/\/winegrover.eu\/?page_id=1189"},"modified":"2022-04-11T14:22:46","modified_gmt":"2022-04-11T14:22:46","slug":"setel-3","status":"publish","type":"page","link":"https:\/\/winegrover.eu\/index.php\/es\/setel-3\/","title":{"rendered":"SETEL"},"content":{"rendered":"\n<div class=\"wp-block-image\"><figure class=\"alignleft size-large\"><img decoding=\"async\" loading=\"lazy\" width=\"359\" height=\"139\" src=\"https:\/\/winegrover.eu\/wp-content\/uploads\/2021\/06\/SETEL.jpg\" alt=\"\" class=\"wp-image-742\" srcset=\"https:\/\/winegrover.eu\/wp-content\/uploads\/2021\/06\/SETEL.jpg 359w, https:\/\/winegrover.eu\/wp-content\/uploads\/2021\/06\/SETEL-300x116.jpg 300w\" sizes=\"(max-width: 359px) 100vw, 359px\" \/><\/figure><\/div>\n\n\n\n<p>SeTeL, Servizi Tecnici Logistici (SET), fundada en 1973, es una empresa l\u00edder en Italia que opera en el campo de la Ingenier\u00eda de Apoyo Log\u00edstico Integrado (ILS), proporcionando una amplia gama de servicios de IT, productos y consultor\u00eda adecuadamente integrados para garantizar la mejor disponibilidad operativa de los sistemas civiles y de defensa.<\/p>\n\n\n\n<p>Su principal misi\u00f3n es proporcionar servicios, consultor\u00eda, aplicaciones y tecnolog\u00edas para garantizar el m\u00e1ximo nivel de disponibilidad operativa (ciclo de vida) de los sistemas complejos. En este escenario, en sus 46 a\u00f1os de vida, SET ha desarrollado sus actividades en m\u00e1s de 120 Sistemas Complejos, que van desde el sector Aeron\u00e1utico, al Espacial, Naval, Ferroviario, Tecnolog\u00edas de la Informaci\u00f3n y Comunicaci\u00f3n, etc.<\/p>\n\n\n\n<p>Inicialmente, SET naci\u00f3 en el \u00e1mbito de las NIT, la Documentaci\u00f3n T\u00e9cnica (tradicional e IETM) y la Formaci\u00f3n (tradicional, CBT y E-Learning) en sistemas tecnol\u00f3gicos para la Defensa, pero desde los a\u00f1os 90, SET ha iniciado un proceso de reconversi\u00f3n\/transferencia de sus competencias del sector de la Defensa al sector Civil. En este \u00e1mbito, la empresa ha desarrollado rentables colaboraciones con socios como Telespazio, Ferrocarriles Italianos, Ansaldo (STS y Breda), Hitachi, Poste Italiane, FAO, etc. El papel de SETEL como proveedor de servicios de alto valor a\u00f1adido para mercados innovadores, ha evolucionado en l\u00ednea con el desarrollo tecnol\u00f3gico de estos escenarios.<\/p>\n\n\n\n<p>A lo largo de los a\u00f1os, SETEL ha multiplicado sus competencias, calific\u00e1ndose como socio de grandes empresas no s\u00f3lo en el dise\u00f1o\/desarrollo de soluciones ILS, sino tambi\u00e9n como interlocutor autorizado en \u00e1reas como:<\/p>\n\n\n\n<p>1. Desarrollo de proyectos financiados de I+D, Investigaci\u00f3n Industrial, Formaci\u00f3n y Comunicaci\u00f3n;<\/p>\n\n\n\n<p>2. Establecimiento, puesta en marcha y gesti\u00f3n de clusters industriales de PYMES en sectores altamente cualificados, como el Aeroespacial y el de Mantenimiento Aeron\u00e1utico.<\/p>\n\n\n\n<p>3. Participaci\u00f3n activa en iniciativas integradas y asociaciones con universidades, centros de investigaci\u00f3n (por ejemplo, el CNR) y empresas.<\/p>\n\n\n\n<p>4. Desarrollo de drones terrestres para aplicaciones agr\u00edcolas de precisi\u00f3n.<\/p>\n","protected":false},"excerpt":{"rendered":"<p>SeTeL, Servizi Tecnici Logistici (SET), fundada en 1973, es una empresa l\u00edder en Italia que opera en el campo de la Ingenier\u00eda de Apoyo Log\u00edstico Integrado (ILS), proporcionando una amplia gama de servicios de IT, productos y consultor\u00eda adecuadamente integrados para garantizar la mejor disponibilidad operativa de los sistemas civiles y de defensa. Su principal &hellip; <\/p>\n<p class=\"link-more\"><a href=\"https:\/\/winegrover.eu\/index.php\/es\/setel-3\/\" class=\"more-link\">Continue reading<span class=\"screen-reader-text\"> &#8220;SETEL&#8221;<\/span><\/a><\/p>\n","protected":false},"author":4,"featured_media":0,"parent":0,"menu_order":0,"comment_status":"closed","ping_status":"closed","template":"","meta":{"footnotes":""},"_links":{"self":[{"href":"https:\/\/winegrover.eu\/index.php\/wp-json\/wp\/v2\/pages\/1189"}],"collection":[{"href":"https:\/\/winegrover.eu\/index.php\/wp-json\/wp\/v2\/pages"}],"about":[{"href":"https:\/\/winegrover.eu\/index.php\/wp-json\/wp\/v2\/types\/page"}],"author":[{"embeddable":true,"href":"https:\/\/winegrover.eu\/index.php\/wp-json\/wp\/v2\/users\/4"}],"replies":[{"embeddable":true,"href":"https:\/\/winegrover.eu\/index.php\/wp-json\/wp\/v2\/comments?post=1189"}],"version-history":[{"count":2,"href":"https:\/\/winegrover.eu\/index.php\/wp-json\/wp\/v2\/pages\/1189\/revisions"}],"predecessor-version":[{"id":1281,"href":"https:\/\/winegrover.eu\/index.php\/wp-json\/wp\/v2\/pages\/1189\/revisions\/1281"}],"wp:attachment":[{"href":"https:\/\/winegrover.eu\/index.php\/wp-json\/wp\/v2\/media?parent=1189"}],"curies":[{"name":"wp","href":"https:\/\/api.w.org\/{rel}","templated":true}]}}